{"id":119,"date":"2025-10-31T17:29:18","date_gmt":"2025-10-31T20:29:18","guid":{"rendered":"https:\/\/ieccuiaba.com.br\/?page_id=119"},"modified":"2025-11-13T14:46:15","modified_gmt":"2025-11-13T17:46:15","slug":"programacao","status":"publish","type":"page","link":"https:\/\/ieccuiaba.com.br\/index.php\/programacao\/","title":{"rendered":"PROGRAMA\u00c7\u00c3O"},"content":{"rendered":"\t\t<div data-elementor-type=\"wp-page\" data-elementor-id=\"119\" class=\"elementor elementor-119\" data-elementor-post-type=\"page\">\n\t\t\t\t\t\t<section class=\"elementor-section elementor-top-section elementor-element elementor-element-2dedc942 elementor-section-boxed elementor-section-height-default elementor-section-height-default elementor-invisible\" data-id=\"2dedc942\" data-element_type=\"section\" data-settings=\"{&quot;background_background&quot;:&quot;classic&quot;,&quot;animation&quot;:&quot;fadeIn&quot;}\">\n\t\t\t\t\t\t<div class=\"elementor-container elementor-column-gap-default\">\n\t\t\t\t\t<div class=\"elementor-column elementor-col-100 elementor-top-column elementor-element elementor-element-4d45276a\" data-id=\"4d45276a\" data-element_type=\"column\">\n\t\t\t<div class=\"elementor-widget-wrap elementor-element-populated\">\n\t\t\t\t\t\t<div class=\"elementor-element elementor-element-67254872 elementor-invisible elementor-widget elementor-widget-heading\" data-id=\"67254872\" data-element_type=\"widget\" data-settings=\"{&quot;_animation&quot;:&quot;fadeInUp&quot;}\" data-widget_type=\"heading.default\">\n\t\t\t\t\t<h3 class=\"elementor-heading-title elementor-size-default\">compare\u00e7a<\/h3>\t\t\t\t<\/div>\n\t\t\t\t<div class=\"elementor-element elementor-element-1e5b38d elementor-invisible elementor-widget elementor-widget-heading\" data-id=\"1e5b38d\" data-element_type=\"widget\" data-settings=\"{&quot;_animation&quot;:&quot;fadeInUp&quot;}\" data-widget_type=\"heading.default\">\n\t\t\t\t\t<h2 class=\"elementor-heading-title elementor-size-default\">PROGRAMA\u00c7\u00c3O<\/h2>\t\t\t\t<\/div>\n\t\t\t\t<div class=\"elementor-element elementor-element-5b86cbd6 elementor-invisible elementor-widget elementor-widget-text-editor\" data-id=\"5b86cbd6\" data-element_type=\"widget\" data-settings=\"{&quot;_animation&quot;:&quot;fadeInUp&quot;,&quot;_animation_delay&quot;:100}\" data-widget_type=\"text-editor.default\">\n\t\t\t\t\t\t\t\t\t<h3 data-start=\"300\" data-end=\"361\">CULTOS E ENCONTROS DA SEMANA<\/h3>\t\t\t\t\t\t\t\t<\/div>\n\t\t\t\t\t<\/div>\n\t\t<\/div>\n\t\t\t\t\t<\/div>\n\t\t<\/section>\n\t\t<div class=\"elementor-element elementor-element-e31b1f0 e-flex e-con-boxed e-con e-parent\" data-id=\"e31b1f0\" data-element_type=\"container\">\n\t\t\t\t\t<div class=\"e-con-inner\">\n\t\t\t\t<div class=\"elementor-element elementor-element-fe0d334 elementor-widget elementor-widget-text-editor\" data-id=\"fe0d334\" data-element_type=\"widget\" data-widget_type=\"text-editor.default\">\n\t\t\t\t\t\t\t\t\t<h3 data-start=\"255\" data-end=\"272\"><strong data-start=\"259\" data-end=\"270\">Domingo<\/strong><\/h3><p data-start=\"273\" data-end=\"428\"><strong data-start=\"273\" data-end=\"306\">9h \u2013 Escola B\u00edblica Dominical<\/strong><br data-start=\"306\" data-end=\"309\" \/>Momento de aprendizado e comunh\u00e3o, onde estudamos as Escrituras e fortalecemos nossa f\u00e9 atrav\u00e9s do ensino da Palavra.<\/p><p data-start=\"430\" data-end=\"583\"><strong data-start=\"430\" data-end=\"461\">18h30 \u2013 Culto de Celebra\u00e7\u00e3o<\/strong><br data-start=\"461\" data-end=\"464\" \/>Um tempo de louvor, gratid\u00e3o e adora\u00e7\u00e3o a Deus, reunindo toda a igreja para celebrar o nome do Senhor e renovar a f\u00e9.<\/p><hr data-start=\"585\" data-end=\"588\" \/><h3 data-start=\"590\" data-end=\"611\"><strong data-start=\"594\" data-end=\"609\">Ter\u00e7a-feira<\/strong><\/h3><p data-start=\"612\" data-end=\"770\"><strong data-start=\"612\" data-end=\"646\">19h \u2013 Culto de Ora\u00e7\u00e3o (Online)<\/strong><br data-start=\"646\" data-end=\"649\" \/>Reuni\u00e3o dedicada \u00e0 intercess\u00e3o e \u00e0 busca pela presen\u00e7a de Deus, conectando irm\u00e3os e irm\u00e3s em ora\u00e7\u00e3o, mesmo \u00e0 dist\u00e2ncia.<\/p><hr data-start=\"772\" data-end=\"775\" \/><h3 data-start=\"777\" data-end=\"799\"><strong data-start=\"781\" data-end=\"797\">Quarta-feira<\/strong><\/h3><p data-start=\"800\" data-end=\"959\"><strong data-start=\"800\" data-end=\"829\">19h30 \u2013 Culto de Doutrina<\/strong><br data-start=\"829\" data-end=\"832\" \/>Estudo aprofundado da B\u00edblia e dos princ\u00edpios da f\u00e9 crist\u00e3, fortalecendo o entendimento e a caminhada espiritual dos membros.<\/p><hr data-start=\"961\" data-end=\"964\" \/><h3 data-start=\"966\" data-end=\"988\"><strong data-start=\"970\" data-end=\"986\">Quinta-feira<\/strong><\/h3><p data-start=\"989\" data-end=\"1143\"><strong data-start=\"989\" data-end=\"1016\">19h30 \u2013 Grupo da B\u00edblia<\/strong><br data-start=\"1016\" data-end=\"1019\" \/>Um encontro de estudo e partilha em grupos menores, onde aprendemos juntos e aplicamos a Palavra de Deus \u00e0 vida cotidiana.<\/p><hr data-start=\"1145\" data-end=\"1148\" \/><h3 data-start=\"1150\" data-end=\"1171\"><strong data-start=\"1154\" data-end=\"1169\">Sexta-feira<\/strong><\/h3><p data-start=\"1172\" data-end=\"1336\"><strong data-start=\"1172\" data-end=\"1199\">19h30 \u2013 Culto nos Lares<\/strong><br data-start=\"1199\" data-end=\"1202\" \/>Um tempo de comunh\u00e3o e adora\u00e7\u00e3o nas casas dos irm\u00e3os, levando a Palavra de Deus a diferentes fam\u00edlias e fortalecendo os la\u00e7os da f\u00e9.<\/p>\t\t\t\t\t\t\t\t<\/div>\n\t\t\t\t\t<\/div>\n\t\t\t\t<\/div>\n\t\t<div class=\"elementor-element elementor-element-f3fe48f e-flex e-con-boxed e-con e-parent\" data-id=\"f3fe48f\" data-element_type=\"container\">\n\t\t\t\t\t<div class=\"e-con-inner\">\n\t\t<div class=\"elementor-element elementor-element-288867d e-con-full e-flex e-con e-child\" data-id=\"288867d\" data-element_type=\"container\">\n\t\t\t\t<div class=\"elementor-element elementor-element-404fc65 elementor-widget elementor-widget-gallery\" data-id=\"404fc65\" data-element_type=\"widget\" data-settings=\"{&quot;lazyload&quot;:&quot;yes&quot;,&quot;gallery_layout&quot;:&quot;grid&quot;,&quot;columns&quot;:4,&quot;columns_tablet&quot;:2,&quot;columns_mobile&quot;:1,&quot;gap&quot;:{&quot;unit&quot;:&quot;px&quot;,&quot;size&quot;:10,&quot;sizes&quot;:[]},&quot;gap_tablet&quot;:{&quot;unit&quot;:&quot;px&quot;,&quot;size&quot;:10,&quot;sizes&quot;:[]},&quot;gap_mobile&quot;:{&quot;unit&quot;:&quot;px&quot;,&quot;size&quot;:10,&quot;sizes&quot;:[]},&quot;link_to&quot;:&quot;file&quot;,&quot;aspect_ratio&quot;:&quot;3:2&quot;,&quot;overlay_background&quot;:&quot;yes&quot;,&quot;content_hover_animation&quot;:&quot;fade-in&quot;}\" data-widget_type=\"gallery.default\">\n\t\t\t\t\t\t\t<div class=\"elementor-gallery__container\">\n\t\t\t\t\t\t\t<a class=\"e-gallery-item elementor-gallery-item elementor-animated-content\" href=\"https:\/\/ieccuiaba.com.br\/wp-content\/uploads\/2025\/11\/9.png\" data-elementor-open-lightbox=\"yes\" data-elementor-lightbox-slideshow=\"404fc65\" data-elementor-lightbox-title=\"9\" data-e-action-hash=\"#elementor-action%3Aaction%3Dlightbox%26settings%3DeyJpZCI6MTcxLCJ1cmwiOiJodHRwczpcL1wvaWVjY3VpYWJhLmNvbS5iclwvd3AtY29udGVudFwvdXBsb2Fkc1wvMjAyNVwvMTFcLzkucG5nIiwic2xpZGVzaG93IjoiNDA0ZmM2NSJ9\">\n\t\t\t\t\t<div class=\"e-gallery-image elementor-gallery-item__image\" data-thumbnail=\"https:\/\/ieccuiaba.com.br\/wp-content\/uploads\/2025\/11\/9-300x253.png\" data-width=\"300\" data-height=\"253\" aria-label=\"\" role=\"img\" ><\/div>\n\t\t\t\t\t\t\t\t\t\t\t<div class=\"elementor-gallery-item__overlay\"><\/div>\n\t\t\t\t\t\t\t\t\t\t\t\t\t\t<\/a>\n\t\t\t\t\t\t\t<a class=\"e-gallery-item elementor-gallery-item elementor-animated-content\" href=\"https:\/\/ieccuiaba.com.br\/wp-content\/uploads\/2025\/11\/8.png\" data-elementor-open-lightbox=\"yes\" data-elementor-lightbox-slideshow=\"404fc65\" data-elementor-lightbox-title=\"8\" data-e-action-hash=\"#elementor-action%3Aaction%3Dlightbox%26settings%3DeyJpZCI6MTcyLCJ1cmwiOiJodHRwczpcL1wvaWVjY3VpYWJhLmNvbS5iclwvd3AtY29udGVudFwvdXBsb2Fkc1wvMjAyNVwvMTFcLzgucG5nIiwic2xpZGVzaG93IjoiNDA0ZmM2NSJ9\">\n\t\t\t\t\t<div class=\"e-gallery-image elementor-gallery-item__image\" data-thumbnail=\"https:\/\/ieccuiaba.com.br\/wp-content\/uploads\/2025\/11\/8-300x253.png\" data-width=\"300\" data-height=\"253\" aria-label=\"\" role=\"img\" ><\/div>\n\t\t\t\t\t\t\t\t\t\t\t<div class=\"elementor-gallery-item__overlay\"><\/div>\n\t\t\t\t\t\t\t\t\t\t\t\t\t\t<\/a>\n\t\t\t\t\t\t\t<a class=\"e-gallery-item elementor-gallery-item elementor-animated-content\" href=\"https:\/\/ieccuiaba.com.br\/wp-content\/uploads\/2025\/11\/7.png\" data-elementor-open-lightbox=\"yes\" data-elementor-lightbox-slideshow=\"404fc65\" data-elementor-lightbox-title=\"7\" data-e-action-hash=\"#elementor-action%3Aaction%3Dlightbox%26settings%3DeyJpZCI6MTczLCJ1cmwiOiJodHRwczpcL1wvaWVjY3VpYWJhLmNvbS5iclwvd3AtY29udGVudFwvdXBsb2Fkc1wvMjAyNVwvMTFcLzcucG5nIiwic2xpZGVzaG93IjoiNDA0ZmM2NSJ9\">\n\t\t\t\t\t<div class=\"e-gallery-image elementor-gallery-item__image\" data-thumbnail=\"https:\/\/ieccuiaba.com.br\/wp-content\/uploads\/2025\/11\/7-300x253.png\" data-width=\"300\" data-height=\"253\" aria-label=\"\" role=\"img\" ><\/div>\n\t\t\t\t\t\t\t\t\t\t\t<div class=\"elementor-gallery-item__overlay\"><\/div>\n\t\t\t\t\t\t\t\t\t\t\t\t\t\t<\/a>\n\t\t\t\t\t\t\t<a class=\"e-gallery-item elementor-gallery-item elementor-animated-content\" href=\"https:\/\/ieccuiaba.com.br\/wp-content\/uploads\/2025\/11\/6.png\" data-elementor-open-lightbox=\"yes\" data-elementor-lightbox-slideshow=\"404fc65\" data-elementor-lightbox-title=\"6\" data-e-action-hash=\"#elementor-action%3Aaction%3Dlightbox%26settings%3DeyJpZCI6MTc0LCJ1cmwiOiJodHRwczpcL1wvaWVjY3VpYWJhLmNvbS5iclwvd3AtY29udGVudFwvdXBsb2Fkc1wvMjAyNVwvMTFcLzYucG5nIiwic2xpZGVzaG93IjoiNDA0ZmM2NSJ9\">\n\t\t\t\t\t<div class=\"e-gallery-image elementor-gallery-item__image\" data-thumbnail=\"https:\/\/ieccuiaba.com.br\/wp-content\/uploads\/2025\/11\/6-300x253.png\" data-width=\"300\" data-height=\"253\" aria-label=\"\" role=\"img\" ><\/div>\n\t\t\t\t\t\t\t\t\t\t\t<div class=\"elementor-gallery-item__overlay\"><\/div>\n\t\t\t\t\t\t\t\t\t\t\t\t\t\t<\/a>\n\t\t\t\t\t\t\t<a class=\"e-gallery-item elementor-gallery-item elementor-animated-content\" href=\"https:\/\/ieccuiaba.com.br\/wp-content\/uploads\/2025\/11\/5.png\" data-elementor-open-lightbox=\"yes\" data-elementor-lightbox-slideshow=\"404fc65\" data-elementor-lightbox-title=\"5\" data-e-action-hash=\"#elementor-action%3Aaction%3Dlightbox%26settings%3DeyJpZCI6MTc1LCJ1cmwiOiJodHRwczpcL1wvaWVjY3VpYWJhLmNvbS5iclwvd3AtY29udGVudFwvdXBsb2Fkc1wvMjAyNVwvMTFcLzUucG5nIiwic2xpZGVzaG93IjoiNDA0ZmM2NSJ9\">\n\t\t\t\t\t<div class=\"e-gallery-image elementor-gallery-item__image\" data-thumbnail=\"https:\/\/ieccuiaba.com.br\/wp-content\/uploads\/2025\/11\/5-300x253.png\" data-width=\"300\" data-height=\"253\" aria-label=\"\" role=\"img\" ><\/div>\n\t\t\t\t\t\t\t\t\t\t\t<div class=\"elementor-gallery-item__overlay\"><\/div>\n\t\t\t\t\t\t\t\t\t\t\t\t\t\t<\/a>\n\t\t\t\t\t\t\t<a class=\"e-gallery-item elementor-gallery-item elementor-animated-content\" href=\"https:\/\/ieccuiaba.com.br\/wp-content\/uploads\/2025\/11\/4.png\" data-elementor-open-lightbox=\"yes\" data-elementor-lightbox-slideshow=\"404fc65\" data-elementor-lightbox-title=\"4\" data-e-action-hash=\"#elementor-action%3Aaction%3Dlightbox%26settings%3DeyJpZCI6MTc2LCJ1cmwiOiJodHRwczpcL1wvaWVjY3VpYWJhLmNvbS5iclwvd3AtY29udGVudFwvdXBsb2Fkc1wvMjAyNVwvMTFcLzQucG5nIiwic2xpZGVzaG93IjoiNDA0ZmM2NSJ9\">\n\t\t\t\t\t<div class=\"e-gallery-image elementor-gallery-item__image\" data-thumbnail=\"https:\/\/ieccuiaba.com.br\/wp-content\/uploads\/2025\/11\/4-300x253.png\" data-width=\"300\" data-height=\"253\" aria-label=\"\" role=\"img\" ><\/div>\n\t\t\t\t\t\t\t\t\t\t\t<div class=\"elementor-gallery-item__overlay\"><\/div>\n\t\t\t\t\t\t\t\t\t\t\t\t\t\t<\/a>\n\t\t\t\t\t\t\t<a class=\"e-gallery-item elementor-gallery-item elementor-animated-content\" href=\"https:\/\/ieccuiaba.com.br\/wp-content\/uploads\/2025\/11\/3.png\" data-elementor-open-lightbox=\"yes\" data-elementor-lightbox-slideshow=\"404fc65\" data-elementor-lightbox-title=\"3\" data-e-action-hash=\"#elementor-action%3Aaction%3Dlightbox%26settings%3DeyJpZCI6MTc3LCJ1cmwiOiJodHRwczpcL1wvaWVjY3VpYWJhLmNvbS5iclwvd3AtY29udGVudFwvdXBsb2Fkc1wvMjAyNVwvMTFcLzMucG5nIiwic2xpZGVzaG93IjoiNDA0ZmM2NSJ9\">\n\t\t\t\t\t<div class=\"e-gallery-image elementor-gallery-item__image\" data-thumbnail=\"https:\/\/ieccuiaba.com.br\/wp-content\/uploads\/2025\/11\/3-300x253.png\" data-width=\"300\" data-height=\"253\" aria-label=\"\" role=\"img\" ><\/div>\n\t\t\t\t\t\t\t\t\t\t\t<div class=\"elementor-gallery-item__overlay\"><\/div>\n\t\t\t\t\t\t\t\t\t\t\t\t\t\t<\/a>\n\t\t\t\t\t\t\t<a class=\"e-gallery-item elementor-gallery-item elementor-animated-content\" href=\"https:\/\/ieccuiaba.com.br\/wp-content\/uploads\/2025\/11\/2.png\" data-elementor-open-lightbox=\"yes\" data-elementor-lightbox-slideshow=\"404fc65\" data-elementor-lightbox-title=\"2\" data-e-action-hash=\"#elementor-action%3Aaction%3Dlightbox%26settings%3DeyJpZCI6MTc4LCJ1cmwiOiJodHRwczpcL1wvaWVjY3VpYWJhLmNvbS5iclwvd3AtY29udGVudFwvdXBsb2Fkc1wvMjAyNVwvMTFcLzIucG5nIiwic2xpZGVzaG93IjoiNDA0ZmM2NSJ9\">\n\t\t\t\t\t<div class=\"e-gallery-image elementor-gallery-item__image\" data-thumbnail=\"https:\/\/ieccuiaba.com.br\/wp-content\/uploads\/2025\/11\/2-300x253.png\" data-width=\"300\" data-height=\"253\" aria-label=\"\" role=\"img\" ><\/div>\n\t\t\t\t\t\t\t\t\t\t\t<div class=\"elementor-gallery-item__overlay\"><\/div>\n\t\t\t\t\t\t\t\t\t\t\t\t\t\t<\/a>\n\t\t\t\t\t\t\t<a class=\"e-gallery-item elementor-gallery-item elementor-animated-content\" href=\"https:\/\/ieccuiaba.com.br\/wp-content\/uploads\/2025\/11\/1.png\" data-elementor-open-lightbox=\"yes\" data-elementor-lightbox-slideshow=\"404fc65\" data-elementor-lightbox-title=\"1\" data-e-action-hash=\"#elementor-action%3Aaction%3Dlightbox%26settings%3DeyJpZCI6MTc5LCJ1cmwiOiJodHRwczpcL1wvaWVjY3VpYWJhLmNvbS5iclwvd3AtY29udGVudFwvdXBsb2Fkc1wvMjAyNVwvMTFcLzEucG5nIiwic2xpZGVzaG93IjoiNDA0ZmM2NSJ9\">\n\t\t\t\t\t<div class=\"e-gallery-image elementor-gallery-item__image\" data-thumbnail=\"https:\/\/ieccuiaba.com.br\/wp-content\/uploads\/2025\/11\/1-300x253.png\" data-width=\"300\" data-height=\"253\" aria-label=\"\" role=\"img\" ><\/div>\n\t\t\t\t\t\t\t\t\t\t\t<div class=\"elementor-gallery-item__overlay\"><\/div>\n\t\t\t\t\t\t\t\t\t\t\t\t\t\t<\/a>\n\t\t\t\t\t<\/div>\n\t\t\t\t\t<\/div>\n\t\t\t\t<\/div>\n\t\t\t\t\t<\/div>\n\t\t\t\t<\/div>\n\t\t<div class=\"elementor-element elementor-element-676a32c e-flex e-con-boxed e-con e-parent\" data-id=\"676a32c\" data-element_type=\"container\">\n\t\t\t\t\t<div class=\"e-con-inner\">\n\t\t\t\t\t<\/div>\n\t\t\t\t<\/div>\n\t\t<div class=\"elementor-element elementor-element-90c1234 e-grid e-con-boxed e-con e-parent\" data-id=\"90c1234\" data-element_type=\"container\">\n\t\t\t\t\t<div class=\"e-con-inner\">\n\t\t\t\t\t<\/div>\n\t\t\t\t<\/div>\n\t\t\t\t<\/div>\n\t\t","protected":false},"excerpt":{"rendered":"<p>compare\u00e7a PROGRAMA\u00c7\u00c3O CULTOS E ENCONTROS DA SEMANA Domingo 9h \u2013 Escola B\u00edblica DominicalMomento de aprendizado e comunh\u00e3o, onde estudamos as Escrituras e fortalecemos nossa f\u00e9 atrav\u00e9s do ensino da Palavra. 18h30 \u2013 Culto de Celebra\u00e7\u00e3oUm tempo de louvor, gratid\u00e3o e adora\u00e7\u00e3o a Deus, reunindo toda a igreja para celebrar o nome do Senhor e renovar [&hellip;]<\/p>\n","protected":false},"author":1,"featured_media":0,"parent":0,"menu_order":0,"comment_status":"closed","ping_status":"closed","template":"elementor_header_footer","meta":{"footnotes":""},"class_list":["post-119","page","type-page","status-publish","hentry"],"_links":{"self":[{"href":"https:\/\/ieccuiaba.com.br\/index.php\/wp-json\/wp\/v2\/pages\/119","targetHints":{"allow":["GET"]}}],"collection":[{"href":"https:\/\/ieccuiaba.com.br\/index.php\/wp-json\/wp\/v2\/pages"}],"about":[{"href":"https:\/\/ieccuiaba.com.br\/index.php\/wp-json\/wp\/v2\/types\/page"}],"author":[{"embeddable":true,"href":"https:\/\/ieccuiaba.com.br\/index.php\/wp-json\/wp\/v2\/users\/1"}],"replies":[{"embeddable":true,"href":"https:\/\/ieccuiaba.com.br\/index.php\/wp-json\/wp\/v2\/comments?post=119"}],"version-history":[{"count":13,"href":"https:\/\/ieccuiaba.com.br\/index.php\/wp-json\/wp\/v2\/pages\/119\/revisions"}],"predecessor-version":[{"id":182,"href":"https:\/\/ieccuiaba.com.br\/index.php\/wp-json\/wp\/v2\/pages\/119\/revisions\/182"}],"wp:attachment":[{"href":"https:\/\/ieccuiaba.com.br\/index.php\/wp-json\/wp\/v2\/media?parent=119"}],"curies":[{"name":"wp","href":"https:\/\/api.w.org\/{rel}","templated":true}]}}